ber?
True
Suppose -3*m + 4 = a - 1, 5*a = -20. Suppose -n = 0, -m*s + 6*s + 4*n - 12 = 0. Suppose -223 = 3*p - s*p. Is p a composite number?
False
Suppose 0 + 2 = a. Let v(m) = -3 + 15*m**2 - 41*m**2 + 15*m**3 + 29*m**2 - m. Is v(a) composite?
False
Suppose l - 4*q - 68381 = 0, 5*q - 165400 = -4*l + 108061. Is l prime?
False
Suppose -5*k = 2*x - 3*k - 20, x + 15 = 4*k. Suppose -3*t + x*f = t - 379, -5*f = 2*t - 167. Is t a composite number?
True
Suppose -4*i - 82 = -v - 0*v, -4*v + 13 = -i. Let h = 170 + i. Is h a composite number?
False
Suppose 0 = -m + 5*d + 2469, -9826 = -m - 3*m - 5*d. Is m composite?
False
Suppose q + f - 312 = 0, 4*f = -2*q - 0*f + 622. Suppose 4*t = -2*d + 524, 2*t - 4*d - q + 51 = 0. Is t a prime number?
True
Let d(k) = -9*k + 6. Let o be d(4). Is (444/o)/((-2)/10) prime?
False
Suppose -25 = -2*y - 3*p + 40, 4*y = 5*p + 97. Let q(h) = 1 + y*h + 1 - 31*h + h**2. Is q(4) a composite number?
True
Let h(q) = 1270*q + 24. Is h(1) a composite number?
True
Let b = -217 + 660. Is b prime?
True
Let t = -32 + 29. Is 2/6*(t + 2092 - -2) a composite number?
True
Suppose 5*f + 5*b = -25, -4*b - b = -5*f + 25. Suppose f = 4*w + w + 75. Let v = 30 + w. Is v prime?
False
Let v(r) = -5*r - 40. Let b be v(-8). Suppose -4*y + 320 + 2652 = b. Is y composite?
False
Let n(s) = s**3 - 2*s**2 + 2*s - 4. Let c be n(2). Suppose 5*w - 8 = -3*r, 2*r - 7 = -3*w - c. Is r composite?
False
Suppose 0 = -4*a + 6*a. Suppose -4*w - 4 = -h, w + 2*w + 3*h - 12 = a. Suppose -2*y + w*f - 5*f = -185, -f = -y + 96. Is y a composite number?
True
Suppose -4*n - 3*t + 14174 = 0, -t = -3*t - 4. Is n a prime number?
False
Let o(s) = -352*s + 31. Is o(-3) a prime number?
True
Suppose 5*n + 34*b - 38*b = 44643, 17858 = 2*n - 2*b. Is n prime?
False
Suppose 0 = -2*l + 4*l. Suppose -2 = s, -3*o + l*o = 3*s - 747. Is o a composite number?
False
Suppose -8*b + 3*b = -15. Suppose 3*m - m - 5128 = 0. Suppose 2*k + s - m = 2594, b*s = 0. Is k prime?
True
Let c be 3 + 1 + -3 + -1. Suppose -4*u = -c*u + 12. Let k(x) = -16*x**3 + 2*x**2 + 2*x - 7. Is k(u) composite?
True
Let y = 142 + 47. Let j be y - (-1 + 0)*-3. Let t = j - 59. Is t a composite number?
False
Let o be (-3282*3/(-3))/(1/5). Is ((-2)/(-4))/(5/o) composite?
True
Suppose -5 = -7*z + 9. Suppose -z*y - 66 = -2*m - 326, 3*y - m - 396 = 0. Is y prime?
False
Suppose -57*n + 230984 = -5*n. Is n composite?
True
Let i be (1 + 2)/((-3)/(-6)). Let a be (-56)/i*45/(-6). Suppose -3*g + 78 = 2*v, 0*g = 2*v + g - a. Is v a composite number?
True
Suppose -l = 4*r - 16, -5*l + 5*r + 1 + 129 = 0. Let i(k) = 2*k + 26. Is i(l) prime?
False
Let z(i) = 13*i**2 + 3*i + 10. Let k(l) = l**2 - 10*l - 14. Let m be k(11). Is z(m) composite?
True
Let o(n) = 12*n**2 + 48*n + 5. Is o(-15) a prime number?
False
Let h(r) = -288*r**2 - 18*r + 10. Let c(p) = 192*p**2 + 12*p - 7. Let t(v) = -7*c(v) - 5*h(v). Is t(-6) prime?
False
Let y = -7 + -5. Let d(l) = -l**3 - 7*l**2 + 18*l + 10. Let o be d(y). Is 12/(-8)*o/(-3) a composite number?
False
Let j = -74469 - -108780. Is j a prime number?
False
Let m(b) = -232*b - 153. Is m(-8) a prime number?
False
Let u be (((-3)/1)/1)/(27/(-27)). Is u/3*(875 + -4) composite?
True
Let h(v) = -153*v - 25. Suppose -3*a = 4*y - y + 18, 0 = 2*y + a + 10. Is h(y) prime?
True
Let i = -575 - -994. Is i a composite number?
False
Let p(r) = -350*r + 1. Let x = 24 + -25. Let q be p(x). Suppose 4*t + 2*m - q = t, 3*t - 5*m = 330. Is t a prime number?
False
Suppose -3 = -4*r + 5. Suppose 0 = 4*c - f - 851, 2*c - 383 = r*f + 41. Suppose -c = -3*h + 2*a, -5*a = -3*h + 296 - 74. Is h a composite number?
True
Let f(m) = -m**3 + m**2 - m + 3. Let b be f(0). Suppose -4*w + 42 = 4*l - b*w, -4*w = 2*l - 28. Let c(z) = z**2 + 5*z + 13. Is c(l) a prime number?
True
Let h(f) = -f**3 + 7*f**2 - 9*f + 12. Let v be h(6). Is (-30820)/(-69) - (-10)/v prime?
False
Let a be 1/(15/60 + (-3)/4). Is (-2939 - a)/3*(-1 + 0) a prime number?
False
Let l be 10/(4/(-16)*-4). Suppose -h + 19 = -5*j, -2 = 4*j + l. Suppose r + s - 156 = 0, h*s - 458 = -3*r - s. Is r a prime number?
False
Let v = -9 + 14. Suppose v*i - 9*i = 0. Suppose 3*q - 879 = -i*q. Is q a prime number?
True
Suppose 6*z - 2*z - 12 = 4*n, -n - 11 = -3*z. Suppose z*c - 13 = -1. Suppose -c*t = -2*t - 69. Is t composite?
True
Suppose -61*q + 319988 + 73889 = 0. Is q a prime number?
False
Let v = 35169 + -18876. Is v a composite number?
True
Let c(n) = -3*n - 4. Let t be c(-3). Suppose z - 15 - 12 = 2*y, 5*z = t*y + 145. Is z composite?
False
Suppose 5*y = -2*r + 5947 + 2810, -1741 = -y - 3*r. Is y prime?
True
Suppose 0 = -2*v - 5*p + 13, v + 0*v = 3*p + 34. Suppose -2*u + 987 = n, 4*n = -2*u + 971 + v. Is u composite?
True
Suppose -2*n + 25*v = 24*v - 86915, -217310 = -5*n - 5*v. Is n prime?
False
Let h(p) = -576*p - 19. Is h(-5) composite?
False
Suppose -2*p = 2*k - 8, -3*p - 2*k - 8 = -4*k. Suppose 5*d + 15 = p, -4*g + 5*d + 130 + 233 = 0. Is g composite?
True
Suppose -4*h = -15602 - 16010. Is h composite?
True
Suppose 12*m - 7*m = 6420. Suppose 4*a = m - 112. Is a prime?
True
Let x(s) = s**2 - s**3 + 1255 - 2*s**2 + 7*s - 10*s + 2*s. Is x(0) prime?
False
Is (12686/(-8))/((-34)/680) composite?
True
Let t(u) = 127*u**2 + 5*u - 3. Let y be t(4). Let f = y + -946. Is f a prime number?
True
Suppose -5*g = -21 + 6. Suppose 0 = -g*b - 5*b + 5064. Is b prime?
False
Let m(f) = -50*f + 7. Suppose -37 = 9*l + 17. Is m(l) a prime number?
True
Let j be (0 - 11)*(13 - 583). Suppose -j = -5*p + 5*y, 3*y - 7*y - 2510 = -2*p. Is p composite?
True
Suppose -4 = -u - 2. Suppose -i + 725 = -u*i. Let q = 1098 + i. Is q a composite number?
False
Suppose 2*o - 3*i - 29 = 0, -3*o + 4*o + 4*i = -2. Let p = o + -6. Suppose p*v + 485 = 9*v. Is v a composite number?
False
Is (106/6*118)/((-34)/(-51)) prime?
False
Suppose y - 4*i = 6*y - 13, -2*y - 4*i - 2 = 0. Let o(s) = s**2 - 6*s + 5. Let x be o(y). Suppose -3*j - 2*c = -917, j - 2*c - c - 313 = x. Is j composite?
False
Let d(h) = 62*h**2 - 15*h - 12. Is d(7) composite?
True
Suppose -3*j + 6871 = 3*n - 26024, -5*n + 54805 = -5*j. Is n a composite number?
True
Let t(b) be the first derivative of 21*b**2/2 + 5*b + 3. Is t(4) a prime number?
True
Let f be 3324/(-18) - (-3)/(27/6). Suppose -5 + 11 = 3*o. Is 5/5 - (f - o) prime?
False
Let i = 1194 + -437. Suppose 0 = j - 3*a - i + 101, 3*j - 2*a - 1961 = 0. Is j a composite number?
False
Suppose 0 = 3*g - 40 + 40. Suppose g = d + 3, -2*d - 126 = -l + 25. Is l composite?
True
Let d = -682 - -1391. Suppose -4*v = -1985 + d. Is v composite?
True
Let s = -17 - -30. Suppose 2*j = 6*v - 3*v + s, -5*v = -4*j + 23. Suppose -5*u + 2075 = 2*y, -j*u + 2*y = -2*y - 830. Is u composite?
True
Let y(u) = 961*u + 238. Is y(27) a composite number?
True
Let d = 6984 + -2423. Is d a composite number?
False
Suppose 22*a = 6*a + 106544. Is a a prime number?
True
Let a(j) = 2*j - 11. Suppose -3*f - 5*c + 9 = 0, -f - 2*f + 4*c = -36. Let g be a(f). Suppose -p + 753 + 722 = y, 4*p - g*y - 5918 = 0. Is p a composite number?
True
Let d = 7263 + 244. Is d a prime number?
True
Let h be ((-14)/(-42))/(1/12). Suppose 3*i = -k + 3*k - 1771, h*k - 3550 = -2*i. Is k a composite number?
False
Suppose -i - d + 438 = 0, -3*i + d + 1312 = -6. Is i prime?
True
Let u(f) = -f**3 + 8*f**2 + 6*f. Let a be u(7). Suppose 111 = 5*b - m, 3*b - 5*m - a = -20. Is b prime?
False
Suppose -l - o + 6 = o, -o = 2. Let j(f) = 3*f**3 + 13*f**2 - 1. Is j(l) a prime number?
False
Suppose -5*o - 3*w = -8*w - 2445, -o + 4*w + 477 = 0. Is o composite?
True
Let p = 5 + -2. Suppose p*q = -544 + 2305. Is q a composite number?
False
Let g(h) = -112*h + 1 - 1 - 630*h. Let s be g(-1). Is (-1)/2 - s/(-4) prime?
False
Let m(p) = -p**2 + 13*p + 31. Let t be m(15). Let a be t/(4/(-56)*-2). Suppose -a = 5*n - 37. Is n a composite number?
True
Suppose -15*z = -43*z + 111076. Is z composite?
False
Let m(b) be the second derivative of 17*b**4/6 + 7*b**3/6 - 7*b**2/2 - 2*b. Is m(4) composite?
True
Let v = -5 + -61. Suppose 0 = b - 2*w + 23, -3*b - 5*w = 44 + 58. Let k = b - v. Is k prime?
True
Suppose -4*a + 4*j = -284, j + j - 74 = -a. Let h = 43 + -68. Let l = a - h. Is l a composite number?
False
Let j be -8 + 1 + (2 - 5). Let z = -8 - j. Suppose -z*l + 6 = -6. Is l a composite num